781?
10371
What is the greatest common divisor of 83599 and 2501?
41
What is the greatest common factor of 7130 and 29388930?
310
Calculate the greatest common factor of 255 and 120087337.
17
What is the greatest common factor of 18000 and 259515?
45
Calculate the highest common divisor of 80904 and 243389571.
10113
What is the greatest common factor of 616378 and 378?
14
Calculate the greatest common factor of 131 and 1084199492.
131
Calculate the highest common divisor of 153 and 37086048.
9
What is the highest common factor of 20 and 6340036?
4
Calculate the highest common factor of 2179938 and 1684.
842
Calculate the highest common divisor of 85 and 74276145.
85
Calculate the greatest common divisor of 539 and 626215.
1
What is the highest common divisor of 168 and 2656724?
28
Calculate the greatest common factor of 942 and 8492130.
942
What is the highest common divisor of 2056908 and 1156764?
3948
What is the highest common divisor of 25460166 and 30?
6
Calculate the highest common divisor of 6112 and 5361943.
191
What is the highest common divisor of 1666 and 15634577?
833
Calculate the highest common factor of 3457362750 and 71.
71
Calculate the greatest common factor of 710 and 10639421.
71
What is the greatest common divisor of 2332 and 266332?
44
What is the highest common divisor of 1312 and 4347804?
164
Calculate the highest common divisor of 25658683 and 19.
19
What is the greatest common divisor of 1101 and 3108857?
367
Calculate the greatest common factor of 6660 and 756798.
222
Calculate the greatest common factor of 31437 and 4401.
9
What is the highest common divisor of 35348076 and 9396?
324
Calculate the highest common divisor of 42140 and 105840.
980
Calculate the greatest common factor of 356280552 and 228.
228
What is the highest common factor of 1144543 and 19459?
1769
What is the greatest common divisor of 25839863 and 2612?
653
What is the greatest common divisor of 5911852641 and 57?
57
What is the highest common factor of 77172 and 395300?
236
Calculate the greatest common factor of 1443316 and 9975.
133
What is the greatest common divisor of 50583 and 1877811?
39
What is the greatest common factor of 2152344 and 7944?
24
What is the highest common divisor of 50630130 and 3726?
1242
Calculate the greatest common divisor of 160084950 and 50.
50
What is the greatest common divisor of 1011100 and 5800?
100
Calculate the highest common factor of 3710040 and 21285.
645
What is the greatest common divisor of 13783162 and 3676?
1838
Calculate the highest common divisor of 873 and 110483.
97
What is the highest common divisor of 1639701230 and 10610?
10610
What is the greatest common divisor of 156270 and 45840?
30
What is the highest common divisor of 426980257 and 11?
11
Calculate the greatest common factor of 31932 and 23700.
12
Calculate the greatest common divisor of 295672994 and 74.
74
Calculate the highest common factor of 6386 and 156972.
206
What is the greatest common divisor of 122595 and 1161309?
2229
What is the greatest common factor of 13453 and 2827?
11
Calculate the highest common divisor of 69 and 124706391.
69
What is the highest common divisor of 1957760 and 3584?
896
Calculate the greatest common divisor of 223826009 and 1562.
781
What is the greatest common divisor of 5306763 and 836?
11
Calculate the highest common factor of 9856758 and 39034.
1346
Calculate the highest common factor of 10 and 1245770.
10
Calculate the highest common divisor of 547278 and 8505182.
3442
Calculate the highest common divisor of 1012660 and 12100.
220
Calculate the greatest common divisor of 432 and 1375839.
27
What is the highest common divisor of 13211505 and 4455?
405
Calculate the highest common divisor of 99849 and 122706.
1203
Calculate the greatest common divisor of 804438 and 3456.
54
What is the greatest common factor of 152515253 and 99?
11
What is the highest common factor of 264 and 1110307?
11
What is the greatest common divisor of 547859 and 77207?
13
What is the highest common factor of 1052390131 and 1469?
1469
Calculate the highest common factor of 7298400 and 60600.
600
What is the greatest common factor of 104700 and 1977783?
1047
What is the greatest common factor of 431 and 201531721?
431
What is the greatest common divisor of 219 and 238289885?
73
What is the highest common divisor of 4923 and 5446?
1
Calculate the highest common factor of 172900762 and 1031.
1031
What is the greatest common divisor of 7952 and 39216282?
994
What is the highest common divisor of 1621107 and 324?
27
Calculate the highest common factor of 4710025 and 825.
25
Calculate the highest common factor of 47519 and 16068925.
2501
What is the greatest common divisor of 825 and 3524970?
15
What is the highest common factor of 20494799 and 507?
169
What is the highest common divisor of 8871088 and 41?
41
Calculate the highest common factor of 3596659 and 418.
11
What is the highest common divisor of 88 and 294389?
1
Calculate the highest common divisor of 258913477 and 109.
109
Calculate the greatest common divisor of 6296 and 188984.
8
Calculate the greatest common divisor of 84692857 and 818.
409
What is the greatest common divisor of 2491201 and 41?
41
Calculate the highest common factor of 262049448 and 1116.
372
Calculate the greatest common divisor of 360961 and 76189.
1249
What is the greatest common factor of 1566405 and 3456?
27
Calculate the highest common divisor of 252 and 20857928.
28
What is the greatest common factor of 1670 and 64870315?
835
What is the greatest common divisor of 80800 and 87840?
160
What is the highest common factor of 1767 and 46518384?
57
What is the highest common factor of 59856 and 34800?
1392
What is the highest common factor of 5945 and 25965382?
1189
What is the greatest common factor of 494 and 14411176?
26
Calculate the highest common divisor of 118180 and 9497720.
380
What is the highest common divisor of 9556 and 539120852?
9556
Calculate the highest common divisor of 99 and 800166906.
99
What is the highest common divisor of 10851312 and 1810?
362
Calculate the greatest common factor of 508051 and 34336.
29
Calculate the greatest common divisor of 90 and 36022230.
90
Calculate the highest common factor of 6994721 and 10376.
1297
Calculate the greatest common factor of 296600 and 108600.
200
What is the greatest common divisor of 252 and 21176190?
126
What is the highest common divisor of 3833318 and 11523?
3841
What is the highest common factor of 711936 and 230904?
216
Calculate the greatest common factor of 103280 and 498896.
16
Calculate the highest common factor of 3271 and 5869.
1
What is the highest common factor of 58 and 1098812291?
29
Calculate the highest common divisor of 44345581 and 658.
329
Calculate the greatest common factor of 1411475 and 110725.
1075
What is the highest common divisor of 721601 and 1229509?
3097
Calculate the greatest common divisor of 79488734 and 1586.
1586
Calculate the greatest common factor of 230 and 3898270.
230
What is the greatest common divisor of 98811 and 13059?
9
Calculate the greatest common factor of 88506 and 149094.
594
What is the greatest common divisor of 377 and 124236377?
29
Calculate the highest common divisor of 40292 and 5131.
7
What is the greatest common factor of 828954 and 2394?
126
What is the highest common divisor of 20982555 and 2223?
171
Calculate the highest common factor of 522 and 761366.
58
Calculate the greatest common factor of 22691300 and 250.
50
Calculate the greatest common divisor of 2244 and 1486892.
44
Calculate the greatest common divisor of 103 and 3990832.
1
Calculate the highest common divisor of 44 and 51433052.
44
What is the highest common divisor of 1427248666 and 6907?
6907
Calculate the greatest common factor of 146 and 80498998.
146
Calculate the highest common divisor of 8969036 and 1356.
452
Calculate the greatest common divisor of 66599 and 17147.
13
What is the highest common divisor of 33150935 and 51?
17
What is the greatest common factor of 21694781 and 123?
41
Calculate the highest common divisor of 15480162 and 450.
18
What is the greatest common factor of 18098206 and 854?
14
Calculate the greatest common factor of 2344143 and 573.
573
What is the highest common divisor of 105